
Suppose 4*z = -5*k + 28, -76 = -8*z + 3*z + 4*k. Suppose 2*m + 5*o = o + z, -3*m - 5*o = -20. What is the greatest common factor of m and 50?
10
Suppose -2*p + 29 = 5*m, -4*m - 2*p = -0*m - 24. Suppose m*t - 110 = -0*t. What is the highest common divisor of t and 132?
22
Let w = -219 + 386. Let y = 279 - w. Suppose 2*h + 56 = 6*h. Calculate the highest common factor of h and y.
14
Let m be (4 - 6)*(-6)/4. Let o be (-5 + m)/1 - -2. Suppose o*z + 2*z = 572. What is the greatest common factor of 26 and z?
26
Let x(p) = -21*p - 1 - 4 + 28*p. Let a be x(3). Suppose 5*k = -5*u, 0 = -3*u - 4*k - 3 + 1. Calculate the highest common divisor of a and u.
2
Let x(b) = -2*b**2 - 16*b + 12. Let c be x(-8). What is the highest common factor of 162 and c?
6
Let d(s) = -6*s - 5*s + 0*s + 8*s + 11. Let m be d(-13). What is the highest common divisor of 125 and m?
25
Let a = 18 + -3. Let v = 25 + a. Calculate the highest common factor of v and 20.
20
Let j(w) = -2*w**3 - 6*w**2 - 6*w - 9. Let s be j(-5). Let v = -12 + 14. Suppose v*f - 11 = f. Calculate the highest common divisor of f and s.
11
Suppose c - r = -4*r + 19, 2*c - 2*r = -2. Let x = 15 - 7. Let v be (-30)/12*x/(-5). What is the highest common factor of c and v?
4
Let v = 34 - 59. Let t = 35 + v. Let w = 66 - 36. Calculate the greatest common factor of t and w.
10
Suppose 0 = -43*t + 55*t - 288. Calculate the greatest common divisor of t and 324.
12
Suppose y + 3*d = 5*d, -3*y = 2*d - 8. What is the highest common factor of 4 and y?
2
Let z(n) = -n**2 - 10*n - 20. Let d be z(-6). Let w be (10/d)/(1/6). Calculate the greatest common factor of w and 15.
15
Suppose 1655 = 3*t - 22*z + 23*z, -3*t + 3*z + 1671 = 0. Calculate the highest common factor of t and 395.
79
Suppose -13 = -5*r + 22. Suppose 774 - 158 = r*h. Calculate the highest common divisor of h and 8.
8
Suppose 0 = 8*z - 259 - 1717. What is the highest common divisor of 38 and z?
19
Let u(b) = b**3 + 9*b**2 + 13*b + 12. Let k be u(-6). Let m be 9/6*496/(-6). Let p be m/(-9) - 2/(-9). What is the greatest common divisor of p and k?
14
Let c be ((-26)/(-6))/(2/36). Suppose -47*h = -43*h - a - 97, -16*h + 2*a = -402. Calculate the highest common divisor of h and c.
26
Suppose 0*o - 5*o + 10 = 0. Suppose -l - 2 = -3, -4*g + 222 = o*l. Let d(f) = f**2 + 6*f + 19. Let m be d(-4). What is the greatest common divisor of m and g?
11
Let x(v) = v - 165. Let h be x(0). Let r be h/(-6) - (-4)/8. Suppose -r = -2*k - 10. What is the highest common divisor of 3 and k?
3
Let l be ((-10)/8)/(2 - (-498)/(-248)). Calculate the highest common factor of l and 62.
31
Suppose -19*u = 2*w - 16*u - 684, 348 = w + 3*u. What is the highest common divisor of 48 and w?
48
Suppose 640 = 10*k + 10*k. Calculate the greatest common factor of 8 and k.
8
Let n(t) = -t**2 + 55*t - 338. Let d be n(36). What is the highest common factor of 2 and d?
2
Let c(y) = -y**3 - 4*y**2 + 9*y - 7. Let s be c(-6). What is the greatest common factor of 869 and s?
11
Suppose -49*m + 16074 = -11*m. What is the greatest common divisor of m and 47?
47
Suppose 0 = -11*p + 6*p + 15. Let x be (-5 - (-35 - p))*1/3. Calculate the highest common divisor of x and 121.
11
Suppose f - 4*c + 33 - 107 = 0, 3*f + 5*c = 137. What is the highest common factor of f and 180?
18
Suppose -2*l + 72 + 16 = 0. What is the greatest common divisor of 33 and l?
11
Let f be (-5 - -2)/(3/(-27)) + -1. Let d = 29 - f. Calculate the greatest common divisor of d and 12.
3
Let j = -26 + 36. Suppose j = 2*q + 2. Suppose -5*w + 13 = 2*a, -5*w + 3 - q = a. Calculate the highest common factor of 70 and a.
14
Let o = 8 - 9. Let f(w) = 34*w**3 + w**2 + w. Let x be f(o). Let b be (-1084)/x - (-22)/187. Calculate the greatest common divisor of b and 8.
8
Let k be ((-1118)/(-3))/(26/312). Calculate the highest common divisor of k and 104.
104
Suppose 2*f - 18 = 32. What is the highest common factor of f and 125?
25
Suppose 3*o = -4*u - 20 + 61, -3*u = -3*o + 69. Let g = 45 - o. What is the greatest common factor of g and 39?
13
Suppose 5*n - 7 = -m + 8, 2*m - 4*n = 30. What is the highest common factor of m and 510?
15
Suppose 7*z = 567 - 3353. Let o = z + 566. What is the highest common factor of o and 21?
21
Let o = 2 - -11. Suppose -n = -0*n - o. Suppose r - n = 20. Calculate the highest common divisor of 22 and r.
11
Let l = -18 + 21. Suppose l*r - 34 + 1 = 0. What is the greatest common divisor of 22 and r?
11
Let v be (-24)/(-9)*(2 - 174/(-12)). Calculate the greatest common divisor of 297 and v.
11
Suppose 5*z = 7 + 53. Let g be -4*(-3)/12*-2. Let c(m) = -10*m - 2. Let x be c(g). Calculate the greatest common factor of z and x.
6
Let q be 170 - (2 - 2)/(-3). What is the highest common divisor of q and 10?
10
Suppose 0 = -42*x + 6*x + 288. Calculate the highest common divisor of x and 1256.
8
Let h(o) = o**2 - o + 1. Let l(c) = -4*c**2 + 16*c - 30. Let d(v) = -3*h(v) - l(v). Let r be d(11). Calculate the greatest common factor of 15 and r.
5
Let g be 5/(9/3 + -2). Suppose -j = -3*j - 4*i + 14, -g*j - 4*i = -23. Calculate the highest common factor of 21 and j.
3
Let u = 550 - 516. Calculate the greatest common factor of u and 221.
17
Let l be (32/12)/(((-3)/3)/(-3)). Suppose -96 = 2*z - l*z. What is the greatest common factor of 80 and z?
16
Suppose 3*h - 5292 = -12*k, 4*k - h - 737 = 1019. What is the highest common factor of 40 and k?
40
Let x(j) = -j**2 + 10*j + 12. Let l be x(10). Suppose 9*r + l = 147. Calculate the highest common factor of r and 5.
5
Suppose 2*a - 3*l + 4 = 16, 5*l = 4*a - 22. What is the greatest common divisor of a and 3?
3
Let z = 467 + -277. What is the highest common divisor of z and 19?
19
Let c be 4/(-1 - -5)*27. Let d be 6/c + (-215)/(-45). Suppose -5*k - 5 = d, 4*k - 11 = -v. Calculate the highest common factor of v and 38.
19
Suppose -4*b + 194 = -6*a + 4*a, 5*b = a + 235. What is the greatest common factor of b and 207?
23
Let g = 110 + -68. What is the greatest common divisor of g and 168?
42
Let v(y) = -y**2 + 10*y + 15. Let s be v(11). Suppose b - 35 = p, 178 = 5*b + s*p - 24. Suppose b = i - 0*i. What is the greatest common factor of i and 95?
19
Suppose -4*a = -6*y + y + 618, -2*a = y - 132. What is the highest common divisor of y and 18?
18
Let j be ((-240)/25)/(3/(-90)). Calculate the highest common divisor of j and 108.
36
Let c(g) = -27*g - 1 + 17 + 3*g**2 + 11*g - 1. Let d be c(7). Calculate the highest common divisor of d and 20.
10
Let z(c) = 5*c**3 + c**2 - 2. Let w be z(2). Suppose 0 = 4*b - 2*x - 1840, 144*b - 149*b - 2*x + 2318 = 0. What is the highest common factor of w and b?
42
Let m be 139 - (2 + -1 - 2). Suppose -3900 = -50*f - 16*f - 129*f. What is the highest common divisor of f and m?
20
Suppose -4*r + 219 + 401 = 0. Suppose 0 = 2*a - 4*n + 2*n - 248, 0 = 2*a - 3*n - 248. Suppose a + 124 = 4*h. What is the highest common factor of h and r?
31
Let h(f) = 106*f - 6 + 0 - 2 + 5. Let l be h(2). Let n(o) = o**3 - 11*o**2 - 10*o - 5. Let g be n(12). What is the greatest common divisor of g and l?
19
Suppose -r + 3 = -1, 115 = -i - 3*r. Let c = -70 - i. Calculate the highest common factor of 19 and c.
19
Suppose -248 = -4*f - 32. Let n = 20 + -8. Suppose 2*o - n = -0*o. What is the greatest common divisor of o and f?
6
Suppose -12*t + 10*t = 6. Let q(i) = i**2 - i - 3. Let b be q(t). Let g = b + -3. Calculate the greatest common divisor of g and 3.
3
Let q be 2 - (-21 + 1 + -4). Calculate the highest common divisor of q and 377.
13
Suppose -2*i = -4*z - 12, 2*i + 10 = 5*i + 2*z. Suppose 0 = 1755*r - 1771*r + 704. What is the highest common divisor of r and i?
4
Suppose -30*i = -h - 26*i + 67, -4*i = -5*h + 287. What is the greatest common factor of 15 and h?
5
Let m be (-6)/(((-18)/(-21))/(-3)). Let o be m/(-14)*44/(-3). Suppose -30*j + 22 = -28*j. Calculate the highest common factor of o and j.
11
Let f(m) = -m**2 - 12*m + 10. Let l be f(-8). Calculate the highest common divisor of 210 and l.
42
Let k(x) = -2*x**3 - 8*x**2 + 7*x + 15. Let d be k(-6). Calculate the greatest common factor of d and 26.
13
Let h = -66 + 123. Calculate the greatest common factor of h and 9.
3
Suppose g + 2 = -2*a + 1, 0 = 3*g + 2*a - 5. What is the greatest common divisor of g and 27?
3
Suppose -